{"id":13943,"date":"2025-08-17T08:45:54","date_gmt":"2025-08-17T06:45:54","guid":{"rendered":"https:\/\/fp-brennholz.com\/?post_type=product&#038;p=13943"},"modified":"2025-08-17T09:02:14","modified_gmt":"2025-08-17T07:02:14","slug":"960kg-holzbriketts-ruf-hartholz","status":"publish","type":"product","link":"https:\/\/fp-brennholz.com\/index.php\/produit\/960kg-holzbriketts-ruf-hartholz\/","title":{"rendered":"Holzbriketts RUF Hartholz 960kg"},"content":{"rendered":"<p>Diese sehr hart gepressten RUF-Briketts werden aus Buchen- und Eichensp\u00e4nen hergestellt und verbrennen mit langsamer und gleichm\u00e4ssiger W\u00e4rmeabgabe und langer Gluthaltedauer. Es werden keine Rindenanteile verpresst, daher der geringe Ascheanteil.\u00a0Verpackung zu je\u00a012 St\u00fcck in Thermofolie. Ein ausgezeichnetes Hartholzbrikett f\u00fcr alle Freunde der klassischen RUF-Quaderbriketts. Gefertigt auf der neusten Pressengeneration der Allg\u00e4uer Firma RUF. Der Rohstoff f\u00fcr dieses Spitzenprodukt f\u00e4llt in der Parkettproduktion an, in der ausschlie\u00dflich FSC zertifiziertes Holz aus nachhaltiger Forstwirtschaft verarbeitet wird.<\/p>\n<p>&#8211; sehr hart verpresst<br \/>\n&#8211; handliche 10kg Verpackung<br \/>\n&#8211; 96 Pack pro Palette<br \/>\n&#8211; frei von Zus\u00e4tzen<br \/>\n&#8211; Heizwert ca. 5,0kWh\/kg<br \/>\n&#8211; hervorragend stapelbar<br \/>\n&#8211; Ascheanteil &lt; 0,5%<\/p>\n","protected":false},"excerpt":{"rendered":"<p>Diese sehr hart gepressten RUF-Briketts werden aus Buchen- und Eichensp\u00e4nen hergestellt und verbrennen mit langsamer und gleichm\u00e4ssiger W\u00e4rmeabgabe und langer<\/p>\n","protected":false},"featured_media":13947,"comment_status":"open","ping_status":"closed","template":"","meta":[],"product_brand":[],"product_cat":[517],"product_tag":[],"class_list":{"0":"post-13943","1":"product","2":"type-product","3":"status-publish","4":"has-post-thumbnail","6":"product_cat-holzbriketts","8":"first","9":"instock","10":"shipping-taxable","11":"purchasable","12":"product-type-simple"},"_links":{"self":[{"href":"https:\/\/fp-brennholz.com\/index.php\/wp-json\/wp\/v2\/product\/13943","targetHints":{"allow":["GET"]}}],"collection":[{"href":"https:\/\/fp-brennholz.com\/index.php\/wp-json\/wp\/v2\/product"}],"about":[{"href":"https:\/\/fp-brennholz.com\/index.php\/wp-json\/wp\/v2\/types\/product"}],"replies":[{"embeddable":true,"href":"https:\/\/fp-brennholz.com\/index.php\/wp-json\/wp\/v2\/comments?post=13943"}],"version-history":[{"count":0,"href":"https:\/\/fp-brennholz.com\/index.php\/wp-json\/wp\/v2\/product\/13943\/revisions"}],"wp:featuredmedia":[{"embeddable":true,"href":"https:\/\/fp-brennholz.com\/index.php\/wp-json\/wp\/v2\/media\/13947"}],"wp:attachment":[{"href":"https:\/\/fp-brennholz.com\/index.php\/wp-json\/wp\/v2\/media?parent=13943"}],"wp:term":[{"taxonomy":"product_brand","embeddable":true,"href":"https:\/\/fp-brennholz.com\/index.php\/wp-json\/wp\/v2\/product_brand?post=13943"},{"taxonomy":"product_cat","embeddable":true,"href":"https:\/\/fp-brennholz.com\/index.php\/wp-json\/wp\/v2\/product_cat?post=13943"},{"taxonomy":"product_tag","embeddable":true,"href":"https:\/\/fp-brennholz.com\/index.php\/wp-json\/wp\/v2\/product_tag?post=13943"}],"curies":[{"name":"wp","href":"https:\/\/api.w.org\/{rel}","templated":true}]}}