{"id":13465,"date":"2024-08-22T13:56:25","date_gmt":"2024-08-22T11:56:25","guid":{"rendered":"https:\/\/fp-brennholz.com\/?post_type=product&#038;p=13465"},"modified":"2025-08-16T14:15:25","modified_gmt":"2025-08-16T12:15:25","slug":"pellets-premium-total-energies-66-saecke-a-15-kg","status":"publish","type":"product","link":"https:\/\/fp-brennholz.com\/index.php\/produit\/pellets-premium-total-energies-66-saecke-a-15-kg\/","title":{"rendered":"Pellets Premium Total Energies 66 S\u00e4cke \u00e0 15 kg"},"content":{"rendered":"<p>Mit TotalEnergies Premium Pellets entscheiden Sie sich f\u00fcr eine praktische, wirtschaftliche und effiziente Energiequelle.<br \/>\nTotalEnergies Premium Pellets garantieren einen hohen Heizwert und maximieren die Effizienz Ihres Pelletofens oder -einsatzes. Ihr geringer Feuchtigkeitsgehalt erm\u00f6glicht Ihnen einen geringeren Pelletverbrauch und reduziert das Risiko von Verstopfungen in Ihrem System. Sie m\u00fcssen Glas und Aschekasten seltener reinigen.<br \/>\nPerfekt f\u00fcr Ihren Pelletofen, -kessel oder -einsatz.<\/p>\n<p>&nbsp;<\/p>\n<table class=\"contenttable\" style=\"height: 379px;\" width=\"739\" align=\"center\">\n<thead>\n<tr>\n<th scope=\"col\">\n<p class=\"text-center\">Eigenschaften<\/p>\n<\/th>\n<th scope=\"col\">\n<p class=\"text-center\">DIN<em>plus<\/em><\/p>\n<\/th>\n<th scope=\"col\">\n<p class=\"text-center\">Total Pellets Premium<\/p>\n<\/th>\n<\/tr>\n<\/thead>\n<tbody>\n<tr>\n<td>\n<p class=\"text-center\">Niedrigerer Heizwert<\/p>\n<\/td>\n<td>\n<p class=\"text-center\">4,6 kWh\/kg \u2264 PCI<\/p>\n<\/td>\n<td>\n<p class=\"text-center\">4,8 \u2264 PCI \u2264 5,3kWh\/kg<\/p>\n<\/td>\n<\/tr>\n<tr>\n<td>\n<p class=\"text-center\">Luftfeuchtigkeitsrate<\/p>\n<\/td>\n<td>\n<p class=\"text-center\">\u2264 10%<\/p>\n<\/td>\n<td>\n<p class=\"text-center\">\u2264 8%<\/p>\n<\/td>\n<\/tr>\n<tr>\n<td>\n<p class=\"text-center\">Ascherate<\/p>\n<\/td>\n<td>\n<p class=\"text-center\">\u2264 0,7%<\/p>\n<\/td>\n<td>\n<p class=\"text-center\">\u2264 0,5%<\/p>\n<\/td>\n<\/tr>\n<tr>\n<td>\n<p class=\"text-center\">Nat\u00fcrlicher Zusatzstoff<\/p>\n<\/td>\n<td>\n<p class=\"text-center\">\u2264 2%<\/p>\n<\/td>\n<td>\n<p class=\"text-center\">\u2264 0,8%<\/p>\n<\/td>\n<\/tr>\n<tr>\n<td>\n<p class=\"text-center\">Dichte<\/p>\n<\/td>\n<td>\n<p class=\"text-center\">\u2265 600kg\/m3<\/p>\n<\/td>\n<td>\n<p class=\"text-center\">\u2265 630kg\/m3<\/p>\n<\/td>\n<\/tr>\n<\/tbody>\n<\/table>\n<p>&nbsp;<\/p>\n","protected":false},"excerpt":{"rendered":"<p>Mit TotalEnergies Premium Pellets entscheiden Sie sich f\u00fcr eine praktische, wirtschaftliche und effiziente Energiequelle. TotalEnergies Premium Pellets garantieren einen hohen<\/p>\n","protected":false},"featured_media":13527,"comment_status":"open","ping_status":"closed","template":"","meta":[],"product_brand":[],"product_cat":[516],"product_tag":[],"class_list":{"0":"post-13465","1":"product","2":"type-product","3":"status-publish","4":"has-post-thumbnail","6":"product_cat-holzpellets","8":"first","9":"instock","10":"shipping-taxable","11":"purchasable","12":"product-type-simple"},"_links":{"self":[{"href":"https:\/\/fp-brennholz.com\/index.php\/wp-json\/wp\/v2\/product\/13465","targetHints":{"allow":["GET"]}}],"collection":[{"href":"https:\/\/fp-brennholz.com\/index.php\/wp-json\/wp\/v2\/product"}],"about":[{"href":"https:\/\/fp-brennholz.com\/index.php\/wp-json\/wp\/v2\/types\/product"}],"replies":[{"embeddable":true,"href":"https:\/\/fp-brennholz.com\/index.php\/wp-json\/wp\/v2\/comments?post=13465"}],"version-history":[{"count":0,"href":"https:\/\/fp-brennholz.com\/index.php\/wp-json\/wp\/v2\/product\/13465\/revisions"}],"wp:featuredmedia":[{"embeddable":true,"href":"https:\/\/fp-brennholz.com\/index.php\/wp-json\/wp\/v2\/media\/13527"}],"wp:attachment":[{"href":"https:\/\/fp-brennholz.com\/index.php\/wp-json\/wp\/v2\/media?parent=13465"}],"wp:term":[{"taxonomy":"product_brand","embeddable":true,"href":"https:\/\/fp-brennholz.com\/index.php\/wp-json\/wp\/v2\/product_brand?post=13465"},{"taxonomy":"product_cat","embeddable":true,"href":"https:\/\/fp-brennholz.com\/index.php\/wp-json\/wp\/v2\/product_cat?post=13465"},{"taxonomy":"product_tag","embeddable":true,"href":"https:\/\/fp-brennholz.com\/index.php\/wp-json\/wp\/v2\/product_tag?post=13465"}],"curies":[{"name":"wp","href":"https:\/\/api.w.org\/{rel}","templated":true}]}}