{"id":13444,"date":"2024-08-22T13:56:24","date_gmt":"2024-08-22T11:56:24","guid":{"rendered":"https:\/\/fp-brennholz.com\/?post_type=product&#038;p=13444"},"modified":"2025-08-17T09:35:27","modified_gmt":"2025-08-17T07:35:27","slug":"allume-feu-100-naturel-en-laine-de-bois-50-pcs","status":"publish","type":"product","link":"https:\/\/fp-brennholz.com\/index.php\/produit\/allume-feu-100-naturel-en-laine-de-bois-50-pcs\/","title":{"rendered":"100 % nat\u00fcrliche Holzwolle-Feueranz\u00fcnder (50 St\u00fcck)"},"content":{"rendered":"<p>Der 100 % nat\u00fcrliche Anz\u00fcnder<\/p>\n<p>Dieses vielseitige Produkt ist 100 % nat\u00fcrlich und wird aus nat\u00fcrlichem Holz, nat\u00fcrlichem Wein und reinen Lebensmitteln hergestellt. Es enth\u00e4lt weder Farb- noch Duftstoffe.<\/p>\n<p>Das Holz f\u00fcr diesen vielseitigen Anz\u00fcnder stammt aus PEFC- und FSC-zertifizierten W\u00e4ldern.<\/p>\n<p>Die Vorteile des gel\u00e4ndeg\u00e4ngigen Prometheus:<\/p>\n<p>Schnell und einfach anzuz\u00fcnden<br \/>\nInnovatives und umweltfreundliches Produkt<br \/>\nGeruchs- und r\u00fcckstandsfrei<br \/>\nZ\u00fcndet alle Arten von Feuer an (Kamin, Ofen, Herd, Grill und Holzofen)<br \/>\nSicher und zuverl\u00e4ssig<br \/>\nLangsame Brenndauer (8 bis 10 Minuten)<\/p>\n<p>Einfach in die Mitte des Kamins oder im Flur stellen. Das Holz hoch oben platzieren, ohne es zu ersticken.<\/p>\n","protected":false},"excerpt":{"rendered":"<p>Schachtel mit 50 Anz\u00fcndst\u00e4bchen aus Holzwolle, Naturharz und reinem Lebensmittelwachs.<\/p>\n<p>Ein einziges St\u00e4bchen reicht aus, um ein Holzfeuer anzuz\u00fcnden; es brennt 8 bis 10 Minuten.<\/p>\n<p>Kraftkarton, 700-g-Karton.<\/p>\n","protected":false},"featured_media":13477,"comment_status":"open","ping_status":"closed","template":"","meta":[],"product_brand":[],"product_cat":[515],"product_tag":[],"class_list":{"0":"post-13444","1":"product","2":"type-product","3":"status-publish","4":"has-post-thumbnail","6":"product_cat-brennholz","8":"first","9":"instock","10":"shipping-taxable","11":"purchasable","12":"product-type-simple"},"_links":{"self":[{"href":"https:\/\/fp-brennholz.com\/index.php\/wp-json\/wp\/v2\/product\/13444","targetHints":{"allow":["GET"]}}],"collection":[{"href":"https:\/\/fp-brennholz.com\/index.php\/wp-json\/wp\/v2\/product"}],"about":[{"href":"https:\/\/fp-brennholz.com\/index.php\/wp-json\/wp\/v2\/types\/product"}],"replies":[{"embeddable":true,"href":"https:\/\/fp-brennholz.com\/index.php\/wp-json\/wp\/v2\/comments?post=13444"}],"version-history":[{"count":0,"href":"https:\/\/fp-brennholz.com\/index.php\/wp-json\/wp\/v2\/product\/13444\/revisions"}],"wp:featuredmedia":[{"embeddable":true,"href":"https:\/\/fp-brennholz.com\/index.php\/wp-json\/wp\/v2\/media\/13477"}],"wp:attachment":[{"href":"https:\/\/fp-brennholz.com\/index.php\/wp-json\/wp\/v2\/media?parent=13444"}],"wp:term":[{"taxonomy":"product_brand","embeddable":true,"href":"https:\/\/fp-brennholz.com\/index.php\/wp-json\/wp\/v2\/product_brand?post=13444"},{"taxonomy":"product_cat","embeddable":true,"href":"https:\/\/fp-brennholz.com\/index.php\/wp-json\/wp\/v2\/product_cat?post=13444"},{"taxonomy":"product_tag","embeddable":true,"href":"https:\/\/fp-brennholz.com\/index.php\/wp-json\/wp\/v2\/product_tag?post=13444"}],"curies":[{"name":"wp","href":"https:\/\/api.w.org\/{rel}","templated":true}]}}