{"id":9617,"date":"2023-11-03T14:38:19","date_gmt":"2023-11-03T13:38:19","guid":{"rendered":"https:\/\/fp-brennholz.com\/?page_id=9617"},"modified":"2025-08-18T12:15:30","modified_gmt":"2025-08-18T10:15:30","slug":"rechtliche-hinweise","status":"publish","type":"page","link":"https:\/\/fp-brennholz.com\/index.php\/rechtliche-hinweise\/","title":{"rendered":"Rechtliche Hinweise"},"content":{"rendered":"\n<h2 class=\"wp-block-heading\">Rechtliche Hinweise<\/h2>\n\n\n\n<p>Die Website fp-brennholz.com ist ausschlie\u00dfliches Eigentum der Interaid GmbH<\/p>\n\n\n\n<p>Administrative Informationen<\/p>\n\n\n\n<p>Handelsregister: HRB 108295, AG Charlottenburg<br>USt-IdNr.: DE255080062<\/p>\n\n\n\n<p>Adresse: Ullsteinstra\u00dfe 120, 12109 Berlin, Deutschland<\/p>\n\n\n\n<p>E-Mail: KontaKt@fp-brennholz.com<br>Website: https:\/\/fp-brennholz.com\/<\/p>\n\n\n\n<p>Gem\u00e4\u00df den Bestimmungen der Artikel 6-III und 19 des Gesetzes Nr. 2004-575 vom 21. Juni 2004 \u00fcber das Vertrauen in die digitale Wirtschaft (L.C.E.N.) informieren wir Nutzer und Besucher dieser Website \u00fcber Folgendes:<\/p>\n\n\n\n<p>Redaktionelle Inhalte erstellt von  Interaid GmbH.<\/p>\n","protected":false},"excerpt":{"rendered":"<p>Rechtliche Hinweise Die Website fp-brennholz.com ist ausschlie\u00dfliches Eigentum der Interaid GmbH Administrative Informationen Handelsregister: HRB 108295, AG CharlottenburgUSt-IdNr.: DE255080062 Adresse:<\/p>\n","protected":false},"author":1,"featured_media":0,"parent":0,"menu_order":0,"comment_status":"closed","ping_status":"closed","template":"","meta":{"footnotes":""},"class_list":["post-9617","page","type-page","status-publish","hentry"],"_links":{"self":[{"href":"https:\/\/fp-brennholz.com\/index.php\/wp-json\/wp\/v2\/pages\/9617","targetHints":{"allow":["GET"]}}],"collection":[{"href":"https:\/\/fp-brennholz.com\/index.php\/wp-json\/wp\/v2\/pages"}],"about":[{"href":"https:\/\/fp-brennholz.com\/index.php\/wp-json\/wp\/v2\/types\/page"}],"author":[{"embeddable":true,"href":"https:\/\/fp-brennholz.com\/index.php\/wp-json\/wp\/v2\/users\/1"}],"replies":[{"embeddable":true,"href":"https:\/\/fp-brennholz.com\/index.php\/wp-json\/wp\/v2\/comments?post=9617"}],"version-history":[{"count":0,"href":"https:\/\/fp-brennholz.com\/index.php\/wp-json\/wp\/v2\/pages\/9617\/revisions"}],"wp:attachment":[{"href":"https:\/\/fp-brennholz.com\/index.php\/wp-json\/wp\/v2\/media?parent=9617"}],"curies":[{"name":"wp","href":"https:\/\/api.w.org\/{rel}","templated":true}]}}